{"id":11,"date":"2026-05-03T01:27:48","date_gmt":"2026-05-02T23:27:48","guid":{"rendered":"https:\/\/cmpg.pro\/?page_id=11"},"modified":"2026-05-10T19:57:36","modified_gmt":"2026-05-10T17:57:36","slug":"remboursements_retours","status":"publish","type":"page","link":"https:\/\/cmpg.pro\/?page_id=11","title":{"rendered":"Politique Cookies"},"content":{"rendered":"\n<figure class=\"wp-block-image size-large is-resized\"><img loading=\"lazy\" decoding=\"async\" width=\"1024\" height=\"683\" src=\"https:\/\/cmpg.pro\/wp-content\/uploads\/2026\/04\/20250928_205547720_iOS-1024x683.jpg\" alt=\"\" class=\"wp-image-20\" style=\"aspect-ratio:1.4993007392185405;width:253px;height:auto\" srcset=\"https:\/\/cmpg.pro\/wp-content\/uploads\/2026\/04\/20250928_205547720_iOS-1024x683.jpg 1024w, https:\/\/cmpg.pro\/wp-content\/uploads\/2026\/04\/20250928_205547720_iOS-300x200.jpg 300w, https:\/\/cmpg.pro\/wp-content\/uploads\/2026\/04\/20250928_205547720_iOS-768x512.jpg 768w, https:\/\/cmpg.pro\/wp-content\/uploads\/2026\/04\/20250928_205547720_iOS-1140x760.jpg 1140w, https:\/\/cmpg.pro\/wp-content\/uploads\/2026\/04\/20250928_205547720_iOS-600x400.jpg 600w, https:\/\/cmpg.pro\/wp-content\/uploads\/2026\/04\/20250928_205547720_iOS.jpg 1536w\" sizes=\"auto, (max-width: 1024px) 100vw, 1024px\" \/><\/figure>\n\n\n\n<h3 class=\"wp-block-heading\">Introduction<\/h3>\n\n\n\n<h2 class=\"wp-block-heading\"><strong>Politique Cookies<\/strong><\/h2>\n\n\n\n<p>Cette politique explique comment le <strong>Comit\u00e9 Miss Prestige Guadeloupe (CMPG)<\/strong> utilise les cookies et technologies similaires sur son site web. <strong>Ainsi<\/strong>, nous garantissons une navigation transparente et conforme aux exigences l\u00e9gales.<\/p>\n\n\n\n<h3 class=\"wp-block-heading\"><strong>1. Qu\u2019est-ce qu\u2019un cookie ?<\/strong><\/h3>\n\n\n\n<p>Un cookie est un petit fichier texte enregistr\u00e9 sur votre appareil lorsque vous visitez un site web. <strong>Gr\u00e2ce \u00e0 ce fichier<\/strong>, votre navigateur peut \u00eatre reconnu et certaines informations peuvent \u00eatre m\u00e9moris\u00e9es, comme vos pr\u00e9f\u00e9rences ou vos param\u00e8tres d\u2019affichage.<\/p>\n\n\n\n<h3 class=\"wp-block-heading\"><strong>2. Pourquoi utilisons-nous des cookies ?<\/strong><\/h3>\n\n\n\n<p>Nous utilisons diff\u00e9rents types de cookies afin d\u2019am\u00e9liorer votre exp\u00e9rience :<\/p>\n\n\n\n<ul class=\"wp-block-list\">\n<li><strong>Cookies n\u00e9cessaires<\/strong> : ils assurent le bon fonctionnement du site (connexion, s\u00e9curit\u00e9, navigation).<\/li>\n\n\n\n<li><strong>Cookies de performance<\/strong> : ils collectent des donn\u00e9es anonymes pour optimiser la rapidit\u00e9 et l\u2019exp\u00e9rience utilisateur.<\/li>\n\n\n\n<li><strong>Cookies de personnalisation<\/strong> : ils m\u00e9morisent vos choix, comme la langue ou la r\u00e9gion.<\/li>\n\n\n\n<li><strong>Cookies analytiques<\/strong> : ils nous aident \u00e0 comprendre comment le site est utilis\u00e9 afin d\u2019en am\u00e9liorer le contenu.<\/li>\n\n\n\n<li><strong>Cookies publicitaires<\/strong> : ils permettent d\u2019afficher des annonces pertinentes selon vos centres d\u2019int\u00e9r\u00eat.<\/li>\n<\/ul>\n\n\n\n<h3 class=\"wp-block-heading\"><strong>3. Gestion des cookies<\/strong><\/h3>\n\n\n\n<p>Vous pouvez accepter ou refuser les cookies \u00e0 tout moment :<\/p>\n\n\n\n<ul class=\"wp-block-list\">\n<li>via le bandeau de consentement affich\u00e9 lors de votre premi\u00e8re visite ;<\/li>\n\n\n\n<li>ou en modifiant les param\u00e8tres de votre navigateur. <strong>Ainsi<\/strong>, vous gardez un contr\u00f4le total sur vos donn\u00e9es.<\/li>\n<\/ul>\n\n\n\n<h3 class=\"wp-block-heading\"><strong>4. Dur\u00e9e de conservation<\/strong><\/h3>\n\n\n\n<p>Les cookies sont conserv\u00e9s pour une dur\u00e9e maximale de <strong>13 mois<\/strong>, conform\u00e9ment aux recommandations de la CNIL.<\/p>\n\n\n\n<h3 class=\"wp-block-heading\"><strong>5. Liens utiles<\/strong><\/h3>\n\n\n\n<p>Pour en savoir plus sur vos droits :<\/p>\n\n\n\n<ul class=\"wp-block-list\">\n<li><strong>CNIL \u2013 Cookies et traceurs<\/strong> : <code>https:\/\/www.cnil.fr\/fr\/cookies-et-autres-traceurs<\/code> <a href=\"https:\/\/www.bing.com\/search?q=&quot;https%3A%2F%2Fwww.cnil.fr%2Ffr%2Fcookies-et-autres-traceurs&quot;\">(cnil.fr in Bing)<\/a><\/li>\n\n\n\n<li><strong>R\u00e8glement G\u00e9n\u00e9ral sur la Protection des Donn\u00e9es (RGPD)<\/strong> : <code>https:\/\/eur-lex.europa.eu\/eli\/reg\/2016\/679\/oj<\/code> <a href=\"https:\/\/www.bing.com\/search?q=&quot;https%3A%2F%2Feur-lex.europa.eu%2Feli%2Freg%2F2016%2F679%2Foj&quot;\">(eur-lex.europa.eu in Bing)<\/a><\/li>\n<\/ul>\n\n\n\n<h3 class=\"wp-block-heading\"><strong>6. Liens internes<\/strong><\/h3>\n\n\n\n<p>Pour mieux comprendre notre fonctionnement :<\/p>\n\n\n\n<ul class=\"wp-block-list\">\n<li><strong>\u00c0 propos du CMPG<\/strong> : <a href=\"https:\/\/cmpg.pro\/a-propos\">https:\/\/cmpg.pro\/a-propos<\/a><\/li>\n\n\n\n<li><strong>Mentions l\u00e9gales<\/strong> : <code>https:\/\/cmpg.pro\/mentions-legales<\/code> <a href=\"https:\/\/www.bing.com\/search?q=&quot;https%3A%2F%2Fcmpg.pro%2Fmentions-legales&quot;\">(cmpg.pro in Bing)<\/a><\/li>\n\n\n\n<li><strong>Politique de confidentialit\u00e9<\/strong> : <code>https:\/\/cmpg.pro\/politique-confidentialite<\/code> <a href=\"https:\/\/www.bing.com\/search?q=&quot;https%3A%2F%2Fcmpg.pro%2Fpolitique-confidentialite&quot;\">(cmpg.pro in Bing)<\/a><\/li>\n<\/ul>\n\n\n\n<h3 class=\"wp-block-heading\"><strong>7. Contact<\/strong><\/h3>\n\n\n\n<p>Pour toute question relative \u00e0 cette politique ou \u00e0 la gestion de vos donn\u00e9es personnelles, vous pouvez nous \u00e9crire \u00e0 : \ud83d\udce7 <strong>comitemissprestigeguadeloupe@gmail.com<\/strong><\/p>\n","protected":false},"excerpt":{"rendered":"<p>Introduction Politique Cookies Cette politique explique comment le Comit\u00e9 Miss Prestige Guadeloupe (CMPG) utilise les cookies et technologies similaires sur son site web. Ainsi, nous garantissons une navigation transparente et conforme aux exigences l\u00e9gales. 1. Qu\u2019est-ce qu\u2019un cookie ? Un cookie est un petit fichier texte enregistr\u00e9 sur votre appareil lorsque vous visitez un site web. Gr\u00e2ce \u00e0 ce fichier, votre navigateur peut \u00eatre reconnu et certaines informations peuvent \u00eatre m\u00e9moris\u00e9es, comme vos pr\u00e9f\u00e9rences ou vos param\u00e8tres d\u2019affichage. 2. Pourquoi utilisons-nous des cookies ? Nous utilisons diff\u00e9rents types de cookies afin d\u2019am\u00e9liorer votre exp\u00e9rience : 3. Gestion des cookies Vous pouvez accepter ou refuser les cookies \u00e0 tout moment : 4. Dur\u00e9e de conservation Les cookies sont conserv\u00e9s pour une dur\u00e9e maximale de 13 mois, conform\u00e9ment aux recommandations de la CNIL. 5. Liens utiles Pour en savoir plus sur vos droits : 6. Liens internes Pour mieux comprendre notre fonctionnement : 7. Contact Pour toute question relative \u00e0 cette politique ou \u00e0 la gestion de vos donn\u00e9es personnelles, vous pouvez nous \u00e9crire \u00e0 : \ud83d\udce7 comitemissprestigeguadeloupe@gmail.com<\/p>\n","protected":false},"author":1,"featured_media":61,"parent":0,"menu_order":0,"comment_status":"closed","ping_status":"closed","template":"","meta":{"footnotes":""},"class_list":["post-11","page","type-page","status-publish","has-post-thumbnail","hentry"],"aioseo_notices":[],"_hostinger_reach_plugin_has_subscription_block":false,"_hostinger_reach_plugin_is_elementor":false,"jetpack_sharing_enabled":true,"_links":{"self":[{"href":"https:\/\/cmpg.pro\/index.php?rest_route=\/wp\/v2\/pages\/11","targetHints":{"allow":["GET"]}}],"collection":[{"href":"https:\/\/cmpg.pro\/index.php?rest_route=\/wp\/v2\/pages"}],"about":[{"href":"https:\/\/cmpg.pro\/index.php?rest_route=\/wp\/v2\/types\/page"}],"author":[{"embeddable":true,"href":"https:\/\/cmpg.pro\/index.php?rest_route=\/wp\/v2\/users\/1"}],"replies":[{"embeddable":true,"href":"https:\/\/cmpg.pro\/index.php?rest_route=%2Fwp%2Fv2%2Fcomments&post=11"}],"version-history":[{"count":2,"href":"https:\/\/cmpg.pro\/index.php?rest_route=\/wp\/v2\/pages\/11\/revisions"}],"predecessor-version":[{"id":174,"href":"https:\/\/cmpg.pro\/index.php?rest_route=\/wp\/v2\/pages\/11\/revisions\/174"}],"wp:featuredmedia":[{"embeddable":true,"href":"https:\/\/cmpg.pro\/index.php?rest_route=\/wp\/v2\/media\/61"}],"wp:attachment":[{"href":"https:\/\/cmpg.pro\/index.php?rest_route=%2Fwp%2Fv2%2Fmedia&parent=11"}],"curies":[{"name":"wp","href":"https:\/\/api.w.org\/{rel}","templated":true}]}}