{"id":114,"date":"2026-05-03T04:01:57","date_gmt":"2026-05-03T02:01:57","guid":{"rendered":"https:\/\/cmpg.pro\/?page_id=114"},"modified":"2026-05-10T13:12:01","modified_gmt":"2026-05-10T11:12:01","slug":"contact","status":"publish","type":"page","link":"https:\/\/cmpg.pro\/?page_id=114","title":{"rendered":"Contactez le Comit\u00e9 Miss Prestige Guadeloupe"},"content":{"rendered":"\n<figure class=\"wp-block-image size-full is-resized\"><img loading=\"lazy\" decoding=\"async\" width=\"293\" height=\"344\" src=\"https:\/\/cmpg.pro\/wp-content\/uploads\/2026\/04\/CMPG-1.jpeg\" alt=\"\" class=\"wp-image-16\" style=\"width:182px;height:auto\" srcset=\"https:\/\/cmpg.pro\/wp-content\/uploads\/2026\/04\/CMPG-1.jpeg 293w, https:\/\/cmpg.pro\/wp-content\/uploads\/2026\/04\/CMPG-1-256x300.jpeg 256w\" sizes=\"auto, (max-width: 293px) 100vw, 293px\" \/><\/figure>\n\n\n\n<p>Le <strong>Comit\u00e9 Miss Prestige Guadeloupe (CMPG)<\/strong> est \u00e0 votre \u00e9coute pour toute demande d\u2019information, partenariat, collaboration m\u00e9dia ou question concernant nos \u00e9v\u00e9nements. Notre \u00e9quipe bas\u00e9e aux <strong>Abymes \u2013 Pointe\u2011\u00e0\u2011Pitre<\/strong> accompagne chaque interlocuteur avec professionnalisme et r\u00e9activit\u00e9 afin de garantir une communication fluide et accessible.<\/p>\n\n\n\n<p>Pour toute d\u00e9marche li\u00e9e \u00e0 nos concours, vous pouvez \u00e9galement consulter la page d\u00e9di\u00e9e \u00e0 la <strong>candidature Miss Prestige Guadeloupe<\/strong>, qui d\u00e9taille les conditions de participation et les \u00e9tapes du processus : \ud83d\udc49 <code>https:\/\/cmpg.pro\/candidature-miss<\/code> <a href=\"https:\/\/www.bing.com\/search?q=&quot;https%3A%2F%2Fcmpg.pro%2Fcandidature-miss&quot;\">(cmpg.pro in Bing)<\/a>Si vous souhaitez en savoir plus sur la gestion de vos donn\u00e9es personnelles ou sur vos droits, nous vous invitons \u00e0 lire notre <strong>Politique de confidentialit\u00e9<\/strong>, conforme au RGPD : \ud83d\udc49 <code>https:\/\/cmpg.pro\/politique-de-confidentialite<\/code> <a href=\"https:\/\/www.bing.com\/search?q=&quot;https%3A%2F%2Fcmpg.pro%2Fpolitique-de-confidentialite&quot;\">(cmpg.pro in Bing)<\/a><\/p>\n\n\n\n<p>Le CMPG organise tout au long de l\u2019ann\u00e9e des \u00e9v\u00e9nements culturels et artistiques. Les informations pratiques, modalit\u00e9s d\u2019acc\u00e8s et r\u00e9servations sont disponibles sur notre page<\/p>\n\n\n\n<p> <strong>Billetterie<\/strong> : \ud83d\udc49 <code>https:\/\/cmpg.pro\/billetterie<\/code> <a href=\"https:\/\/www.bing.com\/search?q=&quot;https%3A%2F%2Fcmpg.pro%2Fbilletterie&quot;\">(cmpg.pro in Bing)<\/a><\/p>\n\n\n\n<p>Pour toute question administrative ou juridique, vous pouvez \u00e9galement consulter les ressources officielles du service public : \ud83d\udc49 <a href=\"https:\/\/www.service-public.fr\">https:\/\/www.service-public.fr<\/a><\/p>\n\n\n\n<p>Notre \u00e9quipe reste disponible via le formulaire ci\u2011dessous pour vous accompagner et r\u00e9pondre \u00e0 vos besoins avec attention et professionnalisme.<\/p>\n\n\n\n<p>\ud83d\udccd  Guadeloupe<\/p>\n\n\n<style id=\"wpforms-css-vars-111\">\n\t\t\t\t#wpforms-111 {\n\t\t\t\t--wpforms-container-padding: 0px;\n--wpforms-container-border-width: 1px;\n--wpforms-container-border-radius: 3px;\n--wpforms-background-color: rgba(0, 0, 0, 0);\n--wpforms-field-size-input-height: 43px;\n--wpforms-field-size-input-spacing: 15px;\n--wpforms-field-size-font-size: 16px;\n--wpforms-field-size-line-height: 19px;\n--wpforms-field-size-padding-h: 14px;\n--wpforms-field-size-checkbox-size: 16px;\n--wpforms-field-size-sublabel-spacing: 5px;\n--wpforms-field-size-icon-size: 1;\n--wpforms-label-size-font-size: 16px;\n--wpforms-label-size-line-height: 19px;\n--wpforms-label-size-sublabel-font-size: 14px;\n--wpforms-label-size-sublabel-line-height: 17px;\n--wpforms-button-size-font-size: 17px;\n--wpforms-button-size-height: 41px;\n--wpforms-button-size-padding-h: 15px;\n--wpforms-button-size-margin-top: 10px;\n--wpforms-container-shadow-size-box-shadow: none;\n\t\t\t}\n\t\t\t<\/style><div class=\"wpforms-container wpforms-container-full wpforms-render-modern\" id=\"wpforms-111\"><form id=\"wpforms-form-111\" class=\"wpforms-validate wpforms-form\" data-formid=\"111\" method=\"post\" enctype=\"multipart\/form-data\" action=\"\/index.php?rest_route=%2Fwp%2Fv2%2Fpages%2F114\" data-token=\"ad5ab0b0dbda42635937eeb47def04f7\" data-token-time=\"1778452193\"><noscript class=\"wpforms-error-noscript\">Veuillez activer JavaScript dans votre navigateur pour remplir ce formulaire.<\/noscript><div id=\"wpforms-error-noscript\" style=\"display: none;\">Veuillez activer JavaScript dans votre navigateur pour remplir ce formulaire.<\/div><div class=\"wpforms-field-container\"><div id=\"wpforms-111-field_1-container\" class=\"wpforms-field wpforms-field-name\" data-field-id=\"1\"><fieldset><legend class=\"wpforms-field-label\">Nom pr\u00e9nom  <span class=\"wpforms-required-label\" aria-hidden=\"true\">*<\/span><\/legend><div class=\"wpforms-field-row wpforms-field-medium\"><div class=\"wpforms-field-row-block wpforms-first wpforms-one-half\"><input type=\"text\" id=\"wpforms-111-field_1\" class=\"wpforms-field-name-first wpforms-field-required\" name=\"wpforms[fields][1][first]\" aria-errormessage=\"wpforms-111-field_1-error\" required><label for=\"wpforms-111-field_1\" class=\"wpforms-field-sublabel after\">Pr\u00e9nom<\/label><\/div><div class=\"wpforms-field-row-block wpforms-one-half\"><input type=\"text\" id=\"wpforms-111-field_1-last\" class=\"wpforms-field-name-last wpforms-field-required\" name=\"wpforms[fields][1][last]\" aria-errormessage=\"wpforms-111-field_1-last-error\" required><label for=\"wpforms-111-field_1-last\" class=\"wpforms-field-sublabel after\">Nom<\/label><\/div><\/div><\/fieldset><\/div><div id=\"wpforms-111-field_4-container\" class=\"wpforms-field wpforms-field-textarea\" data-field-id=\"4\"><label class=\"wpforms-field-label\" for=\"wpforms-111-field_4\">Message<\/label><textarea id=\"wpforms-111-field_4\" class=\"wpforms-field-medium\" name=\"wpforms[fields][4]\" aria-errormessage=\"wpforms-111-field_4-error\" ><\/textarea><\/div>\t\t<div id=\"wpforms-111-field_3-container\"\n\t\t\tclass=\"wpforms-field wpforms-field-text\"\n\t\t\tdata-field-type=\"text\"\n\t\t\tdata-field-id=\"3\"\n\t\t\t>\n\t\t\t<label class=\"wpforms-field-label\" for=\"wpforms-111-field_3\" >Nom T\u00e9l\u00e9phone Message<\/label>\n\t\t\t<input type=\"text\" id=\"wpforms-111-field_3\" class=\"wpforms-field-medium\" name=\"wpforms[fields][3]\" >\n\t\t<\/div>\n\t\t<div id=\"wpforms-111-field_2-container\" class=\"wpforms-field wpforms-field-email\" data-field-id=\"2\"><label class=\"wpforms-field-label\" for=\"wpforms-111-field_2\">Email<\/label><input type=\"email\" id=\"wpforms-111-field_2\" class=\"wpforms-field-medium\" name=\"wpforms[fields][2]\" spellcheck=\"false\" aria-errormessage=\"wpforms-111-field_2-error\" ><\/div><div id=\"wpforms-111-field_6-container\" class=\"wpforms-field wpforms-field-text\" data-field-id=\"6\"><label class=\"wpforms-field-label\" for=\"wpforms-111-field_6\">T\u00e9l\u00e9phone  <span class=\"wpforms-required-label\" aria-hidden=\"true\">*<\/span><\/label><input type=\"text\" id=\"wpforms-111-field_6\" class=\"wpforms-field-medium wpforms-field-required\" name=\"wpforms[fields][6]\" aria-errormessage=\"wpforms-111-field_6-error\" required><\/div><script>\n\t\t\t\t( function() {\n\t\t\t\t\tconst style = document.createElement( 'style' );\n\t\t\t\t\tstyle.appendChild( document.createTextNode( '#wpforms-111-field_3-container { position: absolute !important; overflow: hidden !important; display: inline !important; height: 1px !important; width: 1px !important; z-index: -1000 !important; padding: 0 !important; } #wpforms-111-field_3-container input { visibility: hidden; } #wpforms-conversational-form-page #wpforms-111-field_3-container label { counter-increment: none; }' ) );\n\t\t\t\t\tdocument.head.appendChild( style );\n\t\t\t\t\tdocument.currentScript?.remove();\n\t\t\t\t} )();\n\t\t\t<\/script><\/div><!-- .wpforms-field-container --><div class=\"wpforms-submit-container\" ><input type=\"hidden\" name=\"wpforms[id]\" value=\"111\"><input type=\"hidden\" name=\"page_title\" value=\"\"><input type=\"hidden\" name=\"page_url\" value=\"https:\/\/cmpg.pro\/index.php?rest_route=\/wp\/v2\/pages\/114\"><input type=\"hidden\" name=\"url_referer\" value=\"\"><button type=\"submit\" name=\"wpforms[submit]\" id=\"wpforms-submit-111\" class=\"wpforms-submit\" data-alt-text=\"Envoi...\" data-submit-text=\"Envoyer \" aria-live=\"assertive\" value=\"wpforms-submit\">Envoyer <\/button><\/div><\/form><\/div>  <!-- .wpforms-container -->\n","protected":false},"excerpt":{"rendered":"<p>Le Comit\u00e9 Miss Prestige Guadeloupe (CMPG) est \u00e0 votre \u00e9coute pour toute demande d\u2019information, partenariat, collaboration m\u00e9dia ou question concernant nos \u00e9v\u00e9nements. Notre \u00e9quipe bas\u00e9e aux Abymes \u2013 Pointe\u2011\u00e0\u2011Pitre accompagne chaque interlocuteur avec professionnalisme et r\u00e9activit\u00e9 afin de garantir une communication fluide et accessible. Pour toute d\u00e9marche li\u00e9e \u00e0 nos concours, vous pouvez \u00e9galement consulter la page d\u00e9di\u00e9e \u00e0 la candidature Miss Prestige Guadeloupe, qui d\u00e9taille les conditions de participation et les \u00e9tapes du processus : \ud83d\udc49 https:\/\/cmpg.pro\/candidature-miss (cmpg.pro in Bing)Si vous souhaitez en savoir plus sur la gestion de vos donn\u00e9es personnelles ou sur vos droits, nous vous invitons \u00e0 lire notre Politique de confidentialit\u00e9, conforme au RGPD : \ud83d\udc49 https:\/\/cmpg.pro\/politique-de-confidentialite (cmpg.pro in Bing) Le CMPG organise tout au long de l\u2019ann\u00e9e des \u00e9v\u00e9nements culturels et artistiques. Les informations pratiques, modalit\u00e9s d\u2019acc\u00e8s et r\u00e9servations sont disponibles sur notre page Billetterie : \ud83d\udc49 https:\/\/cmpg.pro\/billetterie (cmpg.pro in Bing) Pour toute question administrative ou juridique, vous pouvez \u00e9galement consulter les ressources officielles du service public : \ud83d\udc49 https:\/\/www.service-public.fr Notre \u00e9quipe reste disponible via le formulaire ci\u2011dessous pour vous accompagner et r\u00e9pondre \u00e0 vos besoins avec attention et professionnalisme. \ud83d\udccd Guadeloupe<\/p>\n","protected":false},"author":1,"featured_media":0,"parent":0,"menu_order":0,"comment_status":"closed","ping_status":"closed","template":"","meta":{"footnotes":""},"class_list":["post-114","page","type-page","status-publish","hentry"],"aioseo_notices":[],"_hostinger_reach_plugin_has_subscription_block":false,"_hostinger_reach_plugin_is_elementor":false,"jetpack_sharing_enabled":true,"_links":{"self":[{"href":"https:\/\/cmpg.pro\/index.php?rest_route=\/wp\/v2\/pages\/114","targetHints":{"allow":["GET"]}}],"collection":[{"href":"https:\/\/cmpg.pro\/index.php?rest_route=\/wp\/v2\/pages"}],"about":[{"href":"https:\/\/cmpg.pro\/index.php?rest_route=\/wp\/v2\/types\/page"}],"author":[{"embeddable":true,"href":"https:\/\/cmpg.pro\/index.php?rest_route=\/wp\/v2\/users\/1"}],"replies":[{"embeddable":true,"href":"https:\/\/cmpg.pro\/index.php?rest_route=%2Fwp%2Fv2%2Fcomments&post=114"}],"version-history":[{"count":3,"href":"https:\/\/cmpg.pro\/index.php?rest_route=\/wp\/v2\/pages\/114\/revisions"}],"predecessor-version":[{"id":165,"href":"https:\/\/cmpg.pro\/index.php?rest_route=\/wp\/v2\/pages\/114\/revisions\/165"}],"wp:attachment":[{"href":"https:\/\/cmpg.pro\/index.php?rest_route=%2Fwp%2Fv2%2Fmedia&parent=114"}],"curies":[{"name":"wp","href":"https:\/\/api.w.org\/{rel}","templated":true}]}}